?
9
What is the ten thousands digit of 3309704?
0
What is the hundred thousands digit of 477929?
4
What is the millions digit of 10403860?
0
What is the tens digit of 723605?
0
What is the hundred thousands digit of 37684538?
6
What is the hundred thousands digit of 2024255?
0
What is the hundreds digit of 3526915?
9
What is the tens digit of 126192?
9
What is the tens digit of 197470?
7
What is the units digit of 2413196?
6
What is the tens digit of 6055092?
9
What is the hundreds digit of 172926?
9
What is the ten thousands digit of 298808?
9
What is the units digit of 1345749?
9
What is the units digit of 979380?
0
What is the ten thousands digit of 18616273?
1
What is the thousands digit of 1185538?
5
What is the units digit of 450573?
3
What is the units digit of 338178?
8
What is the tens digit of 1967166?
6
What is the ten thousands digit of 58464?
5
What is the tens digit of 5761684?
8
What is the units digit of 2163749?
9
What is the ten thousands digit of 17723151?
2
What is the units digit of 7119186?
6
What is the hundred thousands digit of 379707?
3
What is the hundreds digit of 480568?
5
What is the ten thousands digit of 38462?
3
What is the millions digit of 1966810?
1
What is the hundred thousands digit of 11566118?
5
What is the tens digit of 332959?
5
What is the units digit of 2396423?
3
What is the hundreds digit of 17408683?
6
What is the ten thousands digit of 20324424?
2
What is the thousands digit of 222511?
2
What is the ten thousands digit of 263448?
6
What is the hundred thousands digit of 21779256?
7
What is the units digit of 25491333?
3
What is the thousands digit of 673173?
3
What is the thousands digit of 1191319?
1
What is the thousands digit of 797592?
7
What is the tens digit of 749417?
1
What is the units digit of 168730?
0
What is the tens digit of 1052890?
9
What is the hundreds digit of 795259?
2
What is the hundreds digit of 559899?
8
What is the hundreds digit of 4367998?
9
What is the thousands digit of 22421149?
1
What is the tens digit of 13625531?
3
What is the ten thousands digit of 1380440?
8
What is the hundreds digit of 269644?
6
What is the hundreds digit of 9620751?
7
What is the units digit of 4250316?
6
What is the ten thousands digit of 23005?
2
What is the thousands digit of 67371?
7
What is the millions digit of 22002955?
2
What is the hundred thousands digit of 777838?
7
What is the ten thousands digit of 7705946?
0
What is the ten thousands digit of 136178?
3
What is the ten thousands digit of 284330?
8
What is the hundreds digit of 261321?
3
What is the ten millions digit of 16183467?
1
What is the tens digit of 262032?
3
What is the thousands digit of 728032?
8
What is the hundred thousands digit of 3683195?
6
What is the tens digit of 675039?
3
What is the hundreds digit of 2644910?
9
What is the tens digit of 96556?
5
What is the millions digit of 5562804?
5
What is the hundred thousands digit of 1205760?
2
What is the tens digit of 171535?
3
What is the hundreds digit of 996284?
2
What is the ten thousands digit of 2259558?
5
What is the units digit of 2098955?
5
What is the tens digit of 3380990?
9
What is the thousands digit of 246405?
6
What is the hundreds digit of 30680532?
5
What is the ten thousands digit of 679953?
7
What is the units digit of 399642?
2
What is the hundreds digit of 2902456?
4
What is the millions digit of 1253417?
1
What is the units digit of 6006901?
1
What is the tens digit of 3582969?
6
What is the units digit of 2911943?
3
What is the tens digit of 2684253?
5
What is the hundreds digit of 1033494?
4
What is the thousands digit of 498551?
8
What is the thousands digit of 2572534?
2
What is the units digit of 15033479?
9
What is the ten thousands digit of 597509?
9
What is the thousands digit of 443315?
3
What is the units digit of 1746600?
0
What is the units digit of 1115557?
7
What is the units digit of 56538?
8
What is the units digit of 2400450?
0
What is the hundreds digit of 957327?
3
What is the millions digit of 1759289?
1
What is the hundreds digit of 10730?
7
What is the hundred thousands digit of 6747063?
7
What is the millions digit of 6603218?
6
What is the units digit of 2394445?
5
What is the units digit of 63767?
7
What is the thousands digit of 7891606?
1
What is the units digit of 834385?
5
What is the thousands digit of 12742578?
2
What is the thousands digit of 60789?
0
What is the units digit of 174059?
9
What is the tens digit of 7412251?
5
What is the ten thousands digit of 218840?
1
What is the hundreds digit of 492336?
3
What is the thousands digit of 172747?
2
What is the hundreds digit of 317402?
4
What is the hundreds digit of 164960?
9
What is the units digit of 11568924?
4
What is the ten millions digit of 27767637?
2
What is the thousands digit of 1864320?
4
What is the units digit of 8261241?
1
What is the ten thousands digit of 2268623?
6
What is the tens digit of 777400?
0
What is the tens digit of 3176644?
4
What is the thousands digit of 4913563?
3
What is the tens digit of 309180?
8
What is the thousands digit of 11302367?
2
What is the ten thousands digit of 6569059?
6
What is the thousands digit of 36134?
6
What is the tens digit of 2098517?
1
What is the tens digit of 268015?
1
What is the hundreds digit of 3639181?
1
What is the ten thousands digit of 274690?
7
What is the hundreds digit of 12168205?
2
What is the hundreds digit of 7122106?
1
What is the ten thousands digit of 3332264?
3
What is the units digit of 503409?
9
What is the ten thousands digit of 7265157?
6
What is the tens digit of 2095190?
9
What is the hundreds digit of 788053?
0
What is the hundreds digit of 2667793?
7
What is the ten thousands digit of 17630626?
3
What is the ten millions digit of 17008025?
1
What is the thousands digit of 5877?
5
What is the hundred thousands digit of 4745185?
7
What is the hundred thousands digit of 1849359?
8
What is the units digit of 1637309?
9
What is the ten thousands digit of 199004?
9
What is the thousands digit of 1521549?
1
What is the hundred thousands digit of 241857?
2
What is the tens digit of 766893?
9
What is the thousands digit of 2392680?
2
What is the hundred thousands digit of 42170307?
1
What is the millions digit of 1134082?
1
What is the units digit of 3229126?
6
What is the ten thousands digit of 541166?
4
What is the millions digit of 1753265?
1
What is the tens digit of 1151950?
5
What is the thousands digit of 865781?
5
What is the thousands digit of 26761859?
1
What is the thousands digit of 12299242?
9
What is the ten thousands digit of 10553567?
5
What is the hundred thousands digit of 292700?
2
What is the hundreds digit of 509414?
4
What is the hundreds digit of 173299?
2
What is the units digit of 1196895?
5
What is the ten thousands digit of 388019?
8
What is the millions digit of 3225192?
3
What is the tens digit of 904608?
0
What is the ten thousands digit of 994362?
9
What is the tens digit of 994058?
5
What is the thousands digit of 46901?
6
What is the ten thousands digit of 2057665?
5
What is the hundreds digit of 3225979?
9
What is the tens digit of 721430?
3
What is the hundreds digit of 130508?
5
What is the hundred thousands digit of 5099558?
0
What is the hundreds digit of 602798?
7
What is the thousands digit of 1380710?
0
What is the tens digit of 282282?
8
What is the tens digit of 963608?
0
What is the units digit of 234338?
8
What is the tens digit of 3118330?
3
What is the ten thousands digit of 46363?
4
What is the tens digit of 216164?
6
What is the hundred thousands digit of 2671296?
6
What is the ten thousands digit of 2464010?
6
What is the ten thousands digit of 42637392?
3
What is the thousands digit of 1444184?
4
What is the tens digit of 11827760?
6
What is the millions digit of 4663211?
4
What is the units digit of 143917?
7
What is the thousands digit of 12215834?
5
What is the hundreds digit of 1297912?
9
What is the thousands digit of 969466?
9
What is the thousands digit of 40871?
0
What is the tens digit of 8748792?
9
What is the ten thousands digit of 1903754?
0
What is the ten thousands digit of 6781168?
8
What is the ten thousands digit of 176024?
7
What is the ten millions digit of 22857393?
2
What is the hundred thousands digit of 17204